*q**2 + 87*q - 68. What is g(-41)?
-273
Let g(k) = -k**2 + 27*k + 140. Give g(31).
16
Let l(b) = -21*b**2 - 79*b + 8. What is l(-4)?
-12
Let v(c) = c**3 - 34*c**2 + 29*c + 149. Give v(33).
17
Let t(s) = 11*s + 642. What is t(-59)?
-7
Let u(r) = -6*r**2 - 11*r - 41. Determine u(-7).
-258
Let h(q) = -7*q - 192. Give h(-24).
-24
Let b(o) = o**3 + 26*o**2 + 171*o + 22. Determine b(-13).
-4
Let g(t) = -4*t**3 + 57*t**2 + t - 18. Calculate g(14).
192
Let t(s) = -146*s - 1012. Give t(-8).
156
Let k(a) = 6*a**2 + 693*a + 2998. Give k(-111).
1
Let r(h) = 12*h**2 + 54*h + 20. Determine r(-4).
-4
Let x(o) = o**3 + 9*o**2 + 6*o + 44. What is x(-9)?
-10
Let c(h) = 2*h**2 - 27*h - 24. Determine c(10).
-94
Let v(c) = -c**3 - 10*c**2 + 83*c + 51. What is v(-15)?
-69
Let n(c) = -856*c + 1714. Determine n(2).
2
Let i(y) = -60*y**2 - 14460*y + 7. What is i(-241)?
7
Let h(i) = 15*i - 586. What is h(36)?
-46
Let l(b) = b**3 + 38*b**2 + 283*b + 638. Calculate l(-29).
0
Let c(p) = -18*p**2 - 34*p + 132. Calculate c(3).
-132
Let g(y) = 16*y - 80. Calculate g(5).
0
Let u(w) = -2*w**2 - 165*w + 562. Calculate u(-86).
-40
Let s(r) = 252*r - 1443. Determine s(6).
69
Let n(g) = g**3 + 23*g**2 - 24*g + 140. What is n(-23)?
692
Let r(h) = -h**2 + 27*h - 154. Give r(8).
-2
Let v(r) = -9*r**2 - 19*r + 2. What is v(-5)?
-128
Let q(n) = -18*n**2 - 76*n - 67. Calculate q(-1).
-9
Let i(r) = 59*r - 11862. What is i(201)?
-3
Let a(f) = f**3 + 4*f**2 - 47*f - 199. Determine a(-4).
-11
Let s(d) = d**2 - 1330*d + 7946. Calculate s(6).
2
Let z(f) = f**3 + 3*f**2 - 125*f - 505. Determine z(-4).
-21
Let u(n) = 21*n + 209. Give u(-10).
-1
Let m(z) = 81*z + 733. Determine m(-9).
4
Let f(n) = -n**3 + 26*n**2 - 22*n - 51. What is f(25)?
24
Let l(j) = j**2 + 107*j + 929. Calculate l(-8).
137
Let j(k) = -8*k - 94. What is j(-20)?
66
Let m(z) = -29*z + 108. Determine m(14).
-298
Let k(g) = -g**3 + 2*g**2 - 24*g + 15. What is k(3)?
-66
Let g(m) = -3*m**2 - 255*m + 2460. What is g(9)?
-78
Let q(n) = -2*n**3 - 85*n**2 + 138*n + 277. Give q(-44).
13
Let o(b) = -b**3 - 25*b**2 - 146*b - 69. What is o(-16)?
-37
Let n(k) = 773*k - 89. Determine n(-1).
-862
Let x(i) = -i**3 + 3*i**2 - 12*i + 77. Calculate x(4).
13
Let x(n) = 6*n - 127. What is x(-33)?
-325
Let a(p) = p**2 + 571*p + 2282. Determine a(-4).
14
Let d(y) = -75*y**2 - 7*y - 4. Determine d(-1).
-72
Let v(u) = -31*u**2 + 43*u + 41. Calculate v(-3).
-367
Let a(s) = -s**3 + 17*s**2 - 21*s + 6. Calculate a(15).
141
Let c(q) = q**3 + 13*q - 2. Give c(-5).
-192
Let n(h) = 5*h**2 - 3*h - 45. Determine n(4).
23
Let t(x) = -17*x - 234. What is t(-15)?
21
Let j(i) = -2*i**2 - 236*i - 3421. Give j(-17).
13
Let t(g) = -436*g - 9585. What is t(-22)?
7
Let p(f) = 34*f - 111. What is p(0)?
-111
Let w(o) = -25*o + 666. Give w(27).
-9
Let r(h) = h**2 + 1025*h - 4141. Give r(4).
-25
Let q(f) = -4813*f - 28800. Determine q(-6).
78
Let o(f) = -13*f**3 - 40*f**2 + 318*f + 970. Give o(-3).
7
Let h(v) = v**3 + 17*v**2 + 54*v - 11. Calculate h(-12).
61
Let v(l) = -13*l + 110. Give v(12).
-46
Let i(a) = -4*a**3 + 112*a**2 - 714*a - 107. What is i(18)?
1
Let a(g) = -g**2 + 58*g + 315. Give a(63).
0
Let z(g) = 577*g + 174258. Determine z(-302).
4
Let m(u) = u**3 + 16*u**2 + 31*u - 34. What is m(-14)?
-76
Let j(d) = -7*d**2 + 6056*d - 6055. Determine j(1).
-6
Let m(p) = p**3 + 13*p**2 + 27*p - 43. Determine m(-8).
61
Let b(z) = 2*z**2 - 35*z + 5. Calculate b(14).
-93
Let t(f) = 20*f**2 - 152*f + 5. Calculate t(8).
69
Let j(x) = -3*x**2 + 323*x - 940. What is j(3)?
2
Let l(o) = o**3 + 12*o**2 + 96*o + 614. Determine l(-9).
-7
Let g(s) = -s**3 + 11*s**2 + 157*s - 1600. Give g(14).
10
Let d(o) = o**3 + 15*o**2 + 21*o + 1. Give d(-2).
11
Let b(a) = 517*a + 2366. Calculate b(-5).
-219
Let h(k) = -k**2 + 91*k - 1169. Calculate h(71).
251
Let p(d) = -21*d**2 + 9*d + 99. Calculate p(-7).
-993
Let w(h) = 32*h + 256. Give w(-3).
160
Let c(p) = -70*p**2 + 354*p - 68. What is c(5)?
-48
Let q(x) = -x**3 + 29*x**2 + 146*x - 411. What is q(-6)?
-27
Let b(y) = -11*y**2 + 125*y + 30. What is b(12)?
-54
Let p(c) = c**3 - 105*c**2 - 427*c - 988. Give p(109).
-7
Let v(u) = -29*u + 796. What is v(38)?
-306
Let l(g) = -2874*g**2 + 20118*g. What is l(7)?
0
Let k(x) = -x**3 - 40*x**2 - 208*x + 6. What is k(-6)?
30
Let r(p) = -17*p**2 - 215*p + 71. Give r(-13).
-7
Let c(g) = -6*g**3 + 2088*g**2 - 55*g + 19144. Calculate c(348).
4
Let k(c) = 4*c**2 - 39*c + 23. What is k(7)?
-54
Let g(w) = -w**2 + 13*w + 258. Give g(-11).
-6
Let a(b) = -b**3 + 51*b**2 - 593*b - 458. Determine a(32).
22
Let m(s) = -9*s**2 - 3*s - 2. Give m(1).
-14
Let j(v) = -9*v**2 - 699*v + 199. Give j(-78).
-35
Let q(h) = -18*h**2 + 143*h + 31. What is q(9)?
-140
Let f(g) = -g**3 + 60*g**2 - 215*g - 61. Give f(56).
443
Let a(i) = -i**2 - 433*i + 1754. What is a(4)?
6
Let m(y) = 15*y + 597. Give m(-41).
-18
Let t(s) = 2*s**2 + 18*s + 6. Give t(-15).
186
Let z(x) = -x**2 + 20*x - 44. Calculate z(8).
52
Let h(k) = -k**2 - 36*k + 157. Give h(5).
-48
Let x(h) = -h**2 + 20*h + 70. Determine x(23).
1
Let g(c) = 41*c + 1760. What is g(-27)?
653
Let z(j) = 2*j**3 - 172*j**2 - 353*j + 100. What is z(88)?
12
Let d(m) = -5*m**3 + 166*m**2 - 24*m + 1. Give d(33).
298
Let j(g) = 4*g**3 + 14*g**2 + 11*g + 15. Determine j(-3).
0
Let m(k) = -k**2 - 121*k - 2122. Determine m(-22).
56
Let i(t) = -t**2 + t + 27. Give i(9).
-45
Let q(s) = -s**2 + 21*s + 102. Determine q(-5).
-28
Let x(i) = 5*i**2 - 540*i + 116. Determine x(108).
116
Let x(m) = 6*m**3 - 485*m**2 - 82*m + 96. Give x(81).
15
Let a(q) = -60*q + 150. What is a(2)?
30
Let i(j) = 106*j**3 + 536*j**2 + 26*j - 12. Determine i(-5).
8
Let x(v) = -v**3 + 15*v**2 - 16*v + 15. Give x(14).
-13
Let k(r) = 6273*r - 31371. Determine k(5).
-6
Let f(x) = x**3 - 6*x**2 - 32*x + 19. Calculate f(7).
-156
Let c(m) = m - 15. Give c(2).
-13
Let d(v) = -3*v**2 + 64*v - 413. Calculate d(12).
-77
Let u(h) = 8*h - 48. Give u(-8).
-112
Let k(h) = -h**2 + 33*h - 82. What is k(32)?
-50
Let k(z) = -2*z**2 + 94*z - 877. What is k(34)?
7
Let b(j) = -813*j + 4049. Calculate b(5).
-16
Let k(r) = -782*r + 9544. Give k(12).
160
Let n(j) = -29*j + 635. Calculate n(22).
-3
Let a(h) = -h**3 - 19*h**2 - 111*h - 199. Determine a(-5).
6
Let n(y) = 2*y**3 - y**2 - 369. Calculate n(0).
-369
Let k(j) = 3855*j - 3957. Give k(1).
-102
Let h(b) = 166*b - 5. Calculate h(-1).
-171
Let t(u) = 2*u**3 + 5*u**2 - 10*u - 48. What is t(-4)?
-56
Let u(n) = 430*n**3 + 3*n**2 + 3*n - 1. Determine u(-1).
-431
Let k(c) = 11*c**3 - 60*c**2 - 41*c + 31. Give k(6).
1
Let b(m) = -8*m**3 - 16*m**2 - 26*m - 5. Calculate b(-4).
355
Let r(t) = -t**3 + 12*t**2 - 30*t + 376. Give r(12).
16
Let y(l) = 6*l**2 - 89*l - 39. Determine y(15).
-24
Let n(u) = -155*u - 8228. Calculate n(-53).
-13
Let v(z) = 3*z**2 + z + 19. Determine v(4).
71
Let a(q) = 40*q**2 - 28*q - 87. What is a(2)?
17
Let x(s) = -234*s + 4627. Determine x(20).
-53
Let j(y) = y**3 + 15*y**2 - 17*y + 71. Determine j(-17).
-218
Let h(w) = w**3 + 16*w**2 + 62*w - 26. Calculate h(-8).
-10
Let c(z) = -15*z**2 - 1198*z + 161. What is c(-80)?
1
Let d(l) = -l**2 + 10*l + 160. Calculate d(21).
-71
Let p(j) = 116*j - 1574. Calculate p(11).
-298
Let w(b) = b**2 - 1749*b + 8712. Calculate w(5).
-8
Let v(o) = -o**3 - 5*o**2 + 15*o + 53. Calculate v(-7).
46
Let v(g) = -17*g + 565. Determine v(40).
-115
Let p(v) = -10*v - 59. What is p(-2)?
-39
Let s(o) = 444*o + 1323. Give s(-3).
-9
Let m(d) = -97*d + 6. Determine m(0).
6
Let q(b) = -8*b**2 - 10*b - 17. Determine q(-3).
-59
Let q(f) = -287*f - 18657. Determine q(-65).
-2
Let y(m) = -39*m - 1605. Calculate y(-36).
-201
Let f(w) = -w**2 + 22*w - 53. What is f(21)?
-32
Let o(w) = 4*w**2 + 31*w - 31. Determine o(1).
4
Let q(u) = -252*u - 1009. What is q(-4)?
-1
Let x(a) = -a**3 + 14*a**2 + 81*a - 164. Calculate x(18).
-2
Let r(k) = -37*k - 291. Give r(-8).
5
Let s(o) = -140*o + 39. Calculate s(0).
39
Let l(t) = -2*t**3 - 25*t**2 - 28*t - 195. Give l(-12).
-3
Let n(v) = -1085*v + 6444. Give n(6).
-66
Let i(d) = -d**3 + 25*d**2 + 9*d - 42. What is i(26)?
-484
Let g(y) = -171*y - 546. Determine g(-4).
138
Let k(l) = -l**3 + 137*l**2 - 11*l + 1503. Determine k(137).
-4
Let h(q) = q**3 - 64*q**2 + 58*q + 270. What is h(63)?
-45
Let x(k) = 2*k**3 - 166*k**2 + 